{"id":29,"date":"2026-04-16T21:11:54","date_gmt":"2026-04-16T19:11:54","guid":{"rendered":"https:\/\/oxyprotect.cz\/?page_id=29"},"modified":"2026-04-16T21:44:03","modified_gmt":"2026-04-16T19:44:03","slug":"homepage","status":"publish","type":"page","link":"https:\/\/oxyprotect.cz\/homepage\/","title":{"rendered":"Homepage"},"content":{"rendered":"\n<main class=\"wp-block-group has-base-background-color has-background has-global-padding is-layout-constrained wp-container-core-group-is-layout-ad1af2a0 wp-block-group-is-layout-constrained\" style=\"margin-top:0;margin-bottom:0;padding-top:0;padding-bottom:0\">\n<div class=\"wp-block-group alignfull has-global-padding is-layout-constrained wp-container-core-group-is-layout-3211a11c wp-block-group-is-layout-constrained has-background\" style=\"margin-top:0;margin-bottom:0;padding-top:var(--wp--preset--spacing--60);padding-right:var(--wp--preset--spacing--60);padding-bottom:var(--wp--preset--spacing--60);padding-left:var(--wp--preset--spacing--60);background-image:url(&apos;http:\/\/oxyprotect.cz\/wp-content\/uploads\/2026\/04\/JV_9-scaled.jpg&apos;);background-size:cover;background-attachment:fixed;\">\n<div class=\"wp-block-group has-background has-medium-font-size is-layout-flow wp-container-core-group-is-layout-75417269 wp-block-group-is-layout-flow wp-container-1 is-position-sticky\" style=\"border-style:none;border-width:0px;background-color:#d9d9d963;min-height:0px;margin-top:var(--wp--preset--spacing--30);margin-bottom:var(--wp--preset--spacing--30);padding-top:var(--wp--preset--spacing--30);padding-bottom:var(--wp--preset--spacing--30)\">\n<h1 class=\"wp-block-heading has-text-align-center is-style-default has-xx-large-font-size\" style=\"margin-right:0;margin-left:0;padding-top:0;padding-right:0;padding-bottom:0;padding-left:0\"><strong>Bojujeme s plicn\u00ed rakovinou !<\/strong><\/h1>\n\n\n\n<p class=\"has-text-align-center\" style=\"border-style:none;border-width:0px;padding-top:var(--wp--preset--spacing--10);padding-right:var(--wp--preset--spacing--60);padding-bottom:var(--wp--preset--spacing--10);padding-left:var(--wp--preset--spacing--60);font-size:clamp(0.875rem, 0.875rem + ((1vw - 0.2rem) * 0.375), 1.1rem);\">Pom\u00e1h\u00e1me rozv\u00edjet projekty, vedouc\u00ed ke zlep\u0161en\u00ed prim\u00e1rn\u00ed a zaveden\u00ed sekund\u00e1rn\u00ed prevence plicn\u00ed rakoviny.<\/p>\n\n\n\n<div style=\"height:12px\" aria-hidden=\"true\" class=\"wp-block-spacer\"><\/div>\n<\/div>\n\n\n\n<div style=\"height:min(2.5rem, 3vw);width:0px\" aria-hidden=\"true\" class=\"wp-block-spacer\"><\/div>\n<\/div>\n\n\n\n<div class=\"wp-block-group alignfull has-base-background-color has-background has-global-padding is-layout-constrained wp-container-core-group-is-layout-19598ed8 wp-block-group-is-layout-constrained\" style=\"margin-top:0;margin-bottom:var(--wp--preset--spacing--10);padding-top:var(--wp--preset--spacing--30);padding-right:var(--wp--preset--spacing--50);padding-bottom:var(--wp--preset--spacing--30);padding-left:var(--wp--preset--spacing--50)\">\n<div class=\"wp-block-group has-global-padding is-layout-constrained wp-container-core-group-is-layout-e555385e wp-block-group-is-layout-constrained\">\n<h2 class=\"wp-block-heading has-text-align-center is-style-default has-x-large-font-size\"><strong>Kdo jsme?<\/strong><\/h2>\n\n\n\n<div style=\"height:1.25rem;width:0px\" aria-hidden=\"true\" class=\"wp-block-spacer\"><\/div>\n\n\n\n<p class=\"has-text-align-center has-medium-font-size\">Jsme neziskov\u00e1 organizace, zalo\u017een\u00e1 v roce 2002, kter\u00e1 se zab\u00fdv\u00e1 problematikou plicn\u00edch onemocn\u011bn\u00ed. Na\u0161\u00edm hlavn\u00edm t\u00e9matem je rozv\u00edjet projekty, vedouc\u00ed ke zlep\u0161en\u00ed prim\u00e1rn\u00ed a zaveden\u00ed sekund\u00e1rn\u00ed prevence plicn\u00ed rakoviny, v\u010dasn\u00e9 diagnostiky a nov\u00fdch l\u00e9\u010debn\u00fdch metod tohoto onemocn\u011bn\u00ed. Dlouhodob\u011b pom\u00e1h\u00e1me lidem, kte\u0159\u00ed trp\u00ed plicn\u00ed rakovinou, jejich rodin\u00e1m a bl\u00edzk\u00fdm. Vzd\u011bl\u00e1v\u00e1me ve\u0159ejnost i odborn\u00edky, po\u0159\u00e1d\u00e1me semin\u00e1\u0159e, p\u0159edn\u00e1\u0161\u00edme na \u010desk\u00fdch i zahrani\u010dn\u00edch konferenc\u00edch. D\u00edky tomu dr\u017e\u00edme krok s nov\u00fdmi poznatky, metodami diagnostiky i zp\u016fsoby l\u00e9\u010dby.<\/p>\n\n\n\n<div style=\"margin-top:0;margin-bottom:0;height:53px\" aria-hidden=\"true\" class=\"wp-block-spacer\"><\/div>\n\n\n\n<p class=\"has-text-align-center\">Jako prvn\u00ed v \u010cR jsme letos zavedli na m\u00edru vyti\u0161t\u011bn\u00fd 3D stent do plic, aktivn\u011b spolupracujeme na v\u00fdvoji vyu\u017eit\u00ed um\u011bl\u00e9 inteligence pro rozezn\u00e1v\u00e1n\u00ed ran\u00fdch st\u00e1di\u00ed plicn\u00ed rakoviny na CT.<\/p>\n<\/div>\n\n\n\n<p><strong>PhDr. Dagmar Votrubov\u00e1<\/strong><br>Spoluzakladatelka Oxyprotect.cz<\/p>\n<\/div>\n\n\n\n<div class=\"wp-block-group has-global-padding is-layout-constrained wp-block-group-is-layout-constrained\">\n<h2 class=\"wp-block-heading has-text-align-center is-style-asterisk\">Co um\u00edme?<\/h2>\n\n\n\n<div class=\"wp-block-group has-global-padding is-layout-constrained wp-block-group-is-layout-constrained\">\n<p>Oxyprotect od roku 2002 p\u0159edn\u00e1\u0161\u00ed a konzultuje po cel\u00e9m sv\u011bt\u011b k t\u00e9mat\u016fm t\u00fdkaj\u00edc\u00edm se plicn\u00ed rakoviny.<\/p>\n\n\n\n<ul class=\"wp-block-list\">\n<li>P\u0159edn\u00e1\u0161ky a lektorsk\u00e1 \u010dinnost: Vystupujeme na zahrani\u010dn\u00edch i n\u00e1rodn\u00edch kongresech a konferenc\u00edch<br><\/li>\n\n\n\n<li>Konzulta\u010dn\u00ed \u010dinnost: ozv\u011bte se n\u00e1m a p\u0159iprav\u00edme spole\u010dn\u011b program na m\u00edru Va\u0161im pot\u0159eb\u00e1m.<br><\/li>\n<\/ul>\n<\/div>\n<\/div>\n\n\n\n<div class=\"wp-block-columns alignfull has-base-background-color has-background is-layout-flex wp-container-core-columns-is-layout-28f84493 wp-block-columns-is-layout-flex\">\n<div class=\"wp-block-column is-layout-flow wp-block-column-is-layout-flow\" style=\"flex-basis:100%\">\n<div class=\"wp-block-columns is-layout-flex wp-container-core-columns-is-layout-28f84493 wp-block-columns-is-layout-flex\">\n<div class=\"wp-block-column is-layout-flow wp-block-column-is-layout-flow\" style=\"flex-basis:100%\">\n<div class=\"wp-block-group alignfull has-background is-vertical is-content-justification-center is-layout-flex wp-container-core-group-is-layout-e3edb400 wp-block-group-is-layout-flex\" style=\"border-style:none;border-width:0px;border-top-left-radius:0px;border-top-right-radius:0px;border-bottom-left-radius:0px;border-bottom-right-radius:0px;background-color:#0078ae87;padding-right:0;padding-left:0\">\n<h2 class=\"wp-block-heading has-text-align-center is-style-default has-contrast-color has-text-color has-background has-link-color has-large-font-size wp-elements-6c5580a61cb64d02a0ea551fea0f4a0d wp-container-content-9cfa9a5a\" style=\"background-color:#f7c472;margin-top:var(--wp--preset--spacing--10);margin-bottom:0;padding-top:var(--wp--preset--spacing--10);padding-right:var(--wp--preset--spacing--30);padding-bottom:var(--wp--preset--spacing--10);padding-left:var(--wp--preset--spacing--30)\"><a href=\"https:\/\/www.spnakademie.cz\/\" target=\"_blank\" rel=\"noreferrer noopener\"><strong>Spustil se web SPN Akademie !<\/strong><\/a><\/h2>\n\n\n\n<div class=\"wp-block-group is-nowrap is-layout-flex wp-container-core-group-is-layout-e021f648 wp-block-group-is-layout-flex\" style=\"padding-top:var(--wp--preset--spacing--20);padding-bottom:var(--wp--preset--spacing--20)\">\n<p class=\"has-base-2-color has-text-color has-link-color wp-elements-8413dde045c5ed0434ab97136f43a4d3\" style=\"margin-right:0;margin-left:0;padding-top:0;padding-right:0;padding-bottom:0;padding-left:0\">M\u00e1te z\u00e1jem o z\u00e1kladn\u00ed informace o solit\u00e1rn\u00edch plicn\u00edch uzlech (SPN) a jejich diagnostice? V\u00edce na webu!<\/p>\n\n\n\n<figure class=\"wp-block-image size-full wp-duotone-unset-2\"><img decoding=\"async\" src=\"http:\/\/oxyprotect.cz\/wp-content\/uploads\/2026\/04\/plice_fin.webp\" alt=\"\" class=\"wp-image-25\"\/><\/figure>\n<\/div>\n<\/div>\n<\/div>\n<\/div>\n<\/div>\n<\/div>\n\n\n\n<h2 class=\"wp-block-heading has-text-align-center\"><strong>Rakovina plic &#8211; jednotliv\u00e1 st\u00e1dia<\/strong><\/h2>\n\n\n\n<div class=\"wp-block-group alignwide is-nowrap is-layout-flex wp-container-core-group-is-layout-0e9f6bae wp-block-group-is-layout-flex\" style=\"padding-top:var(--wp--preset--spacing--10);padding-bottom:var(--wp--preset--spacing--30)\">\n<figure class=\"wp-block-video\"><video autoplay loop muted src=\"http:\/\/oxyprotect.cz\/wp-content\/uploads\/2026\/04\/plicevid.mp4\" playsinline><\/video><\/figure>\n\n\n\n<ul class=\"wp-block-list\">\n<li>N\u00e1dorov\u00e1 onemocn\u011bn\u00ed jsou po srde\u010dn\u011b-c\u00e9vn\u00edch chorob\u00e1ch druhou nej\u010dast\u011bj\u0161\u00ed p\u0159\u00ed\u010dinou \u00famrt\u00ed v \u010cesk\u00e9 republice.<\/li>\n\n\n\n<li>Pro\u010d p\u0159ij\u00edt v\u010das:<\/li>\n\n\n\n<li>Plicn\u00ed rakovina je nej\u010dast\u011bj\u0161\u00ed a velmi smrteln\u00e1 nemoc v \u010cR u obou pohlav\u00ed.<\/li>\n\n\n\n<li>\u010casto se zjist\u00ed pozd\u011b, kdy\u017e ji ji\u017e nelze operovat a efektivn\u011b l\u00e9\u010dit.<\/li>\n\n\n\n<li>Screening m\u00e1 odhalit rakovinu v\u010das, kdy\u017e je operace je\u0161t\u011b mo\u017en\u00e1.<\/li>\n<\/ul>\n<\/div>\n\n\n\n<div class=\"wp-block-group alignfull has-base-color has-contrast-background-color has-text-color has-background has-global-padding is-layout-constrained wp-container-core-group-is-layout-21050ef6 wp-block-group-is-layout-constrained\" style=\"margin-top:0;margin-bottom:0;padding-top:var(--wp--preset--spacing--50);padding-right:var(--wp--preset--spacing--60);padding-bottom:var(--wp--preset--spacing--50);padding-left:var(--wp--preset--spacing--60)\">\n<div class=\"wp-block-group has-global-padding is-layout-constrained wp-block-group-is-layout-constrained\">\n<p class=\"has-text-align-center has-base-color has-text-color has-heading-font-family has-x-large-font-size\" style=\"line-height:1.2\"><em>\u201cJi\u017e 25 let pom\u00e1h\u00e1me pacient\u016fm a jejich bl\u00edzk\u00fdm\u201d<\/em><\/p>\n<\/div>\n<\/div>\n<\/main>\n\n\n\n<p><\/p>\n","protected":false},"excerpt":{"rendered":"<p>Bojujeme s plicn\u00ed rakovinou ! Pom\u00e1h\u00e1me rozv\u00edjet projekty, vedouc\u00ed ke zlep\u0161en\u00ed prim\u00e1rn\u00ed a zaveden\u00ed sekund\u00e1rn\u00ed prevence plicn\u00ed rakoviny. Kdo jsme? Jsme neziskov\u00e1 organizace, zalo\u017een\u00e1 v roce 2002, kter\u00e1 se zab\u00fdv\u00e1 problematikou plicn\u00edch onemocn\u011bn\u00ed. Na\u0161\u00edm hlavn\u00edm t\u00e9matem je rozv\u00edjet projekty, vedouc\u00ed ke zlep\u0161en\u00ed prim\u00e1rn\u00ed a zaveden\u00ed sekund\u00e1rn\u00ed prevence plicn\u00ed rakoviny, v\u010dasn\u00e9 diagnostiky a nov\u00fdch l\u00e9\u010debn\u00fdch metod [&hellip;]<\/p>\n","protected":false},"author":1,"featured_media":37,"parent":0,"menu_order":0,"comment_status":"closed","ping_status":"closed","template":"","meta":{"footnotes":""},"class_list":["post-29","page","type-page","status-publish","has-post-thumbnail","hentry"],"_links":{"self":[{"href":"https:\/\/oxyprotect.cz\/homepage\/wp-json\/wp\/v2\/pages\/29","targetHints":{"allow":["GET"]}}],"collection":[{"href":"https:\/\/oxyprotect.cz\/homepage\/wp-json\/wp\/v2\/pages"}],"about":[{"href":"https:\/\/oxyprotect.cz\/homepage\/wp-json\/wp\/v2\/types\/page"}],"author":[{"embeddable":true,"href":"https:\/\/oxyprotect.cz\/homepage\/wp-json\/wp\/v2\/users\/1"}],"replies":[{"embeddable":true,"href":"https:\/\/oxyprotect.cz\/homepage\/wp-json\/wp\/v2\/comments?post=29"}],"version-history":[{"count":12,"href":"https:\/\/oxyprotect.cz\/homepage\/wp-json\/wp\/v2\/pages\/29\/revisions"}],"predecessor-version":[{"id":54,"href":"https:\/\/oxyprotect.cz\/homepage\/wp-json\/wp\/v2\/pages\/29\/revisions\/54"}],"wp:featuredmedia":[{"embeddable":true,"href":"https:\/\/oxyprotect.cz\/homepage\/wp-json\/wp\/v2\/media\/37"}],"wp:attachment":[{"href":"https:\/\/oxyprotect.cz\/homepage\/wp-json\/wp\/v2\/media?parent=29"}],"curies":[{"name":"wp","href":"https:\/\/api.w.org\/{rel}","templated":true}]}}

<main class="wp-block-group has-base-background-color has-background has-global-padding is-layout-constrained wp-container-core-group-is-layout-ad1af2a0 wp-block-group-is-layout-constrained" style="margin-top:0;margin-bottom:0;padding-top:0;padding-bottom:0">
<div class="wp-block-group alignfull has-global-padding is-layout-constrained wp-container-core-group-is-layout-3211a11c wp-block-group-is-layout-constrained has-background" style="margin-top:0;margin-bottom:0;padding-top:var(--wp--preset--spacing--60);padding-right:var(--wp--preset--spacing--60);padding-bottom:var(--wp--preset--spacing--60);padding-left:var(--wp--preset--spacing--60);background-image:url(&apos;http://oxyprotect.cz/wp-content/uploads/2026/04/JV_9-scaled.jpg&apos;);background-size:cover;background-attachment:fixed;">
<div class="wp-block-group has-background has-medium-font-size is-layout-flow wp-container-core-group-is-layout-75417269 wp-block-group-is-layout-flow wp-container-1 is-position-sticky" style="border-style:none;border-width:0px;background-color:#d9d9d963;min-height:0px;margin-top:var(--wp--preset--spacing--30);margin-bottom:var(--wp--preset--spacing--30);padding-top:var(--wp--preset--spacing--30);padding-bottom:var(--wp--preset--spacing--30)">
<h1 class="wp-block-heading has-text-align-center is-style-default has-xx-large-font-size" style="margin-right:0;margin-left:0;padding-top:0;padding-right:0;padding-bottom:0;padding-left:0"><strong>Bojujeme s plicní rakovinou !</strong></h1>



<p class="has-text-align-center" style="border-style:none;border-width:0px;padding-top:var(--wp--preset--spacing--10);padding-right:var(--wp--preset--spacing--60);padding-bottom:var(--wp--preset--spacing--10);padding-left:var(--wp--preset--spacing--60);font-size:clamp(0.875rem, 0.875rem + ((1vw - 0.2rem) * 0.375), 1.1rem);">Pomáháme rozvíjet projekty, vedoucí ke zlepšení primární a zavedení sekundární prevence plicní rakoviny.</p>



<div style="height:12px" aria-hidden="true" class="wp-block-spacer"></div>
</div>



<div style="height:min(2.5rem, 3vw);width:0px" aria-hidden="true" class="wp-block-spacer"></div>
</div>



<div class="wp-block-group alignfull has-base-background-color has-background has-global-padding is-layout-constrained wp-container-core-group-is-layout-19598ed8 wp-block-group-is-layout-constrained" style="margin-top:0;margin-bottom:var(--wp--preset--spacing--10);padding-top:var(--wp--preset--spacing--30);padding-right:var(--wp--preset--spacing--50);padding-bottom:var(--wp--preset--spacing--30);padding-left:var(--wp--preset--spacing--50)">
<div class="wp-block-group has-global-padding is-layout-constrained wp-container-core-group-is-layout-e555385e wp-block-group-is-layout-constrained">
<h2 class="wp-block-heading has-text-align-center is-style-default has-x-large-font-size"><strong>Kdo jsme?</strong></h2>



<div style="height:1.25rem;width:0px" aria-hidden="true" class="wp-block-spacer"></div>



<p class="has-text-align-center has-medium-font-size">Jsme nezisková organizace, založená v roce 2002, která se zabývá problematikou plicních onemocnění. Naším hlavním tématem je rozvíjet projekty, vedoucí ke zlepšení primární a zavedení sekundární prevence plicní rakoviny, včasné diagnostiky a nových léčebných metod tohoto onemocnění. Dlouhodobě pomáháme lidem, kteří trpí plicní rakovinou, jejich rodinám a blízkým. Vzděláváme veřejnost i odborníky, pořádáme semináře, přednášíme na českých i zahraničních konferencích. Díky tomu držíme krok s novými poznatky, metodami diagnostiky i způsoby léčby.</p>



<div style="margin-top:0;margin-bottom:0;height:53px" aria-hidden="true" class="wp-block-spacer"></div>



<p class="has-text-align-center">Jako první v ČR jsme letos zavedli na míru vytištěný 3D stent do plic, aktivně spolupracujeme na vývoji využití umělé inteligence pro rozeznávání raných stádií plicní rakoviny na CT.</p>
</div>



<p><strong>PhDr. Dagmar Votrubová</strong><br>Spoluzakladatelka Oxyprotect.cz</p>
</div>



<div class="wp-block-group has-global-padding is-layout-constrained wp-block-group-is-layout-constrained">
<h2 class="wp-block-heading has-text-align-center is-style-asterisk">Co umíme?</h2>



<div class="wp-block-group has-global-padding is-layout-constrained wp-block-group-is-layout-constrained">
<p>Oxyprotect od roku 2002 přednáší a konzultuje po celém světě k tématům týkajícím se plicní rakoviny.</p>



<ul class="wp-block-list">
<li>Přednášky a lektorská činnost: Vystupujeme na zahraničních i národních kongresech a konferencích<br></li>



<li>Konzultační činnost: ozvěte se nám a připravíme společně program na míru Vašim potřebám.<br></li>
</ul>
</div>
</div>



<div class="wp-block-columns alignfull has-base-background-color has-background is-layout-flex wp-container-core-columns-is-layout-28f84493 wp-block-columns-is-layout-flex">
<div class="wp-block-column is-layout-flow wp-block-column-is-layout-flow" style="flex-basis:100%">
<div class="wp-block-columns is-layout-flex wp-container-core-columns-is-layout-28f84493 wp-block-columns-is-layout-flex">
<div class="wp-block-column is-layout-flow wp-block-column-is-layout-flow" style="flex-basis:100%">
<div class="wp-block-group alignfull has-background is-vertical is-content-justification-center is-layout-flex wp-container-core-group-is-layout-e3edb400 wp-block-group-is-layout-flex" style="border-style:none;border-width:0px;border-top-left-radius:0px;border-top-right-radius:0px;border-bottom-left-radius:0px;border-bottom-right-radius:0px;background-color:#0078ae87;padding-right:0;padding-left:0">
<h2 class="wp-block-heading has-text-align-center is-style-default has-contrast-color has-text-color has-background has-link-color has-large-font-size wp-elements-6c5580a61cb64d02a0ea551fea0f4a0d wp-container-content-9cfa9a5a" style="background-color:#f7c472;margin-top:var(--wp--preset--spacing--10);margin-bottom:0;padding-top:var(--wp--preset--spacing--10);padding-right:var(--wp--preset--spacing--30);padding-bottom:var(--wp--preset--spacing--10);padding-left:var(--wp--preset--spacing--30)"><a href="https://www.spnakademie.cz/" target="_blank" rel="noreferrer noopener"><strong>Spustil se web SPN Akademie !</strong></a></h2>



<div class="wp-block-group is-nowrap is-layout-flex wp-container-core-group-is-layout-e021f648 wp-block-group-is-layout-flex" style="padding-top:var(--wp--preset--spacing--20);padding-bottom:var(--wp--preset--spacing--20)">
<p class="has-base-2-color has-text-color has-link-color wp-elements-8413dde045c5ed0434ab97136f43a4d3" style="margin-right:0;margin-left:0;padding-top:0;padding-right:0;padding-bottom:0;padding-left:0">Máte zájem o základní informace o solitárních plicních uzlech (SPN) a jejich diagnostice? Více na webu!</p>



<figure class="wp-block-image size-full wp-duotone-unset-2"><img decoding="async" src="http://oxyprotect.cz/wp-content/uploads/2026/04/plice_fin.webp" alt="" class="wp-image-25"/></figure>
</div>
</div>
</div>
</div>
</div>
</div>



<h2 class="wp-block-heading has-text-align-center"><strong>Rakovina plic &#8211; jednotlivá stádia</strong></h2>



<div class="wp-block-group alignwide is-nowrap is-layout-flex wp-container-core-group-is-layout-0e9f6bae wp-block-group-is-layout-flex" style="padding-top:var(--wp--preset--spacing--10);padding-bottom:var(--wp--preset--spacing--30)">
<figure class="wp-block-video"><video autoplay loop muted src="http://oxyprotect.cz/wp-content/uploads/2026/04/plicevid.mp4" playsinline></video></figure>



<ul class="wp-block-list">
<li>Nádorová onemocnění jsou po srdečně-cévních chorobách druhou nejčastější příčinou úmrtí v České republice.</li>



<li>Proč přijít včas:</li>



<li>Plicní rakovina je nejčastější a velmi smrtelná nemoc v ČR u obou pohlaví.</li>



<li>Často se zjistí pozdě, když ji již nelze operovat a efektivně léčit.</li>



<li>Screening má odhalit rakovinu včas, když je operace ještě možná.</li>
</ul>
</div>



<div class="wp-block-group alignfull has-base-color has-contrast-background-color has-text-color has-background has-global-padding is-layout-constrained wp-container-core-group-is-layout-21050ef6 wp-block-group-is-layout-constrained" style="margin-top:0;margin-bottom:0;padding-top:var(--wp--preset--spacing--50);padding-right:var(--wp--preset--spacing--60);padding-bottom:var(--wp--preset--spacing--50);padding-left:var(--wp--preset--spacing--60)">
<div class="wp-block-group has-global-padding is-layout-constrained wp-block-group-is-layout-constrained">
<p class="has-text-align-center has-base-color has-text-color has-heading-font-family has-x-large-font-size" style="line-height:1.2"><em>“Již 25 let pomáháme pacientům a jejich blízkým”</em></p>
</div>
</div>
</main>



<p></p>

<p>Bojujeme s plicní rakovinou ! Pomáháme rozvíjet projekty, vedoucí ke zlepšení primární a zavedení sekundární prevence plicní rakoviny. Kdo jsme? Jsme nezisková organizace, založená v roce 2002, která se zabývá problematikou plicních onemocnění. Naším hlavním tématem je rozvíjet projekty, vedoucí ke zlepšení primární a zavedení sekundární prevence plicní rakoviny, včasné diagnostiky a nových léčebných metod [&hellip;]</p>
